{"id":289,"date":"2020-11-22T16:03:09","date_gmt":"2020-11-22T15:03:09","guid":{"rendered":"http:\/\/echecs-obernai.fr\/?page_id=289"},"modified":"2020-12-01T16:28:46","modified_gmt":"2020-12-01T15:28:46","slug":"liens-utiles","status":"publish","type":"page","link":"https:\/\/echecs-obernai.fr\/?page_id=289","title":{"rendered":"Liens utiles"},"content":{"rendered":"\n<p><\/p>\n\n\n\n<h3 class=\"wp-block-heading\"><strong><em>F\u00e9d\u00e9rations d&rsquo;Echecs<\/em><\/strong><\/h3>\n\n\n\n<div class=\"wp-block-group\"><div class=\"wp-block-group__inner-container is-layout-flow wp-block-group-is-layout-flow\">\n<ul class=\"wp-block-list\"><li><em><a href=\"http:\/\/echecs.asso.fr\">La F\u00e9d\u00e9ration Fran\u00e7aise d&rsquo;Echecs (FFE).<\/a> <\/em><\/li><li><em><a href=\"http:\/\/fide.com\">La F\u00e9d\u00e9ration Internationale d&rsquo;Echecs (FIDE).<\/a><\/em><\/li><\/ul>\n\n\n\n<p><\/p>\n<\/div><\/div>\n\n\n\n<h3 class=\"wp-block-heading\"><strong><em>Echecs en Alsace<\/em><\/strong><\/h3>\n\n\n\n<div class=\"wp-block-group\"><div class=\"wp-block-group__inner-container is-layout-flow wp-block-group-is-layout-flow\">\n<ul class=\"wp-block-list\"><li><em><a href=\"https:\/\/www.echecs-grand-est.fr\/\">La Ligue des Echecs du Grand Est (LEGE).<\/a> <\/em><\/li><li><em><a href=\"http:\/\/echecs67.com\/\">Le Comit\u00e9 des Echecs du Bas-Rhin (CEBR).<\/a><\/em><\/li><li><em><a href=\"https:\/\/fr-fr.facebook.com\/clubechecs.bruche\">Le Club d&rsquo;Echecs de la Bruche-Ergersheim-Molsheim.<\/a><\/em><\/li><li><a href=\"https:\/\/www.sportiche.fr\/42456\/echecs\/schirmeck\/cercle-d-echecs-de-dorlisheim-schirmeck\" data-type=\"URL\" data-id=\"https:\/\/www.sportiche.fr\/42456\/echecs\/schirmeck\/cercle-d-echecs-de-dorlisheim-schirmeck\"><em>Le Cercle d&rsquo;Echecs de Dorlisheim-Schirmeck.<\/em><\/a><\/li><li><em><a href=\"http:\/\/www.echecs-erstein.fr\/\">Le Cercle d&rsquo;Echecs d&rsquo;Erstein.<\/a><\/em><\/li><li><em><a href=\"http:\/\/www.ceselestat.fr\/\">Le Cercle d&rsquo;Echecs de S\u00e9lestat.<\/a><\/em><\/li><\/ul>\n\n\n\n<p><\/p>\n<\/div><\/div>\n\n\n\n<h3 class=\"wp-block-heading\"><strong><em>Jouer  et Apprendre<\/em><\/strong><\/h3>\n\n\n\n<div class=\"wp-block-group\"><div class=\"wp-block-group__inner-container is-layout-flow wp-block-group-is-layout-flow\">\n<ul class=\"wp-block-list\"><li><em><a href=\"https:\/\/lichess.org\/\">LiChess.<\/a><\/em> <\/li><li><em><a href=\"https:\/\/play.chessbase.com\/fr\/\">ChessBase.<\/a><\/em><\/li><li><em><a href=\"https:\/\/www.europe-echecs.com\/\">Europe Echecs.<\/a><\/em><\/li><\/ul>\n<\/div><\/div>\n","protected":false},"excerpt":{"rendered":"<p>F\u00e9d\u00e9rations d&rsquo;Echecs La F\u00e9d\u00e9ration Fran\u00e7aise d&rsquo;Echecs (FFE). La F\u00e9d\u00e9ration Internationale d&rsquo;Echecs (FIDE). Echecs en Alsace La Ligue des Echecs du Grand Est (LEGE). Le Comit\u00e9 des Echecs du Bas-Rhin (CEBR). Le Club d&rsquo;Echecs de la Bruche-Ergersheim-Molsheim. Le Cercle d&rsquo;Echecs de &hellip; <a href=\"https:\/\/echecs-obernai.fr\/?page_id=289\">Continuer la lecture <span class=\"meta-nav\">&rarr;<\/span><\/a><\/p>\n","protected":false},"author":1,"featured_media":0,"parent":0,"menu_order":0,"comment_status":"closed","ping_status":"closed","template":"","meta":{"footnotes":""},"class_list":["post-289","page","type-page","status-publish","hentry"],"_links":{"self":[{"href":"https:\/\/echecs-obernai.fr\/index.php?rest_route=\/wp\/v2\/pages\/289"}],"collection":[{"href":"https:\/\/echecs-obernai.fr\/index.php?rest_route=\/wp\/v2\/pages"}],"about":[{"href":"https:\/\/echecs-obernai.fr\/index.php?rest_route=\/wp\/v2\/types\/page"}],"author":[{"embeddable":true,"href":"https:\/\/echecs-obernai.fr\/index.php?rest_route=\/wp\/v2\/users\/1"}],"replies":[{"embeddable":true,"href":"https:\/\/echecs-obernai.fr\/index.php?rest_route=%2Fwp%2Fv2%2Fcomments&post=289"}],"version-history":[{"count":38,"href":"https:\/\/echecs-obernai.fr\/index.php?rest_route=\/wp\/v2\/pages\/289\/revisions"}],"predecessor-version":[{"id":750,"href":"https:\/\/echecs-obernai.fr\/index.php?rest_route=\/wp\/v2\/pages\/289\/revisions\/750"}],"wp:attachment":[{"href":"https:\/\/echecs-obernai.fr\/index.php?rest_route=%2Fwp%2Fv2%2Fmedia&parent=289"}],"curies":[{"name":"wp","href":"https:\/\/api.w.org\/{rel}","templated":true}]}}