{"id":285,"date":"2020-11-22T16:00:27","date_gmt":"2020-11-22T15:00:27","guid":{"rendered":"http:\/\/echecs-obernai.fr\/?page_id=285"},"modified":"2020-11-25T09:25:52","modified_gmt":"2020-11-25T08:25:52","slug":"championnat-individuels-jeunes","status":"publish","type":"page","link":"https:\/\/echecs-obernai.fr\/?page_id=285","title":{"rendered":"Individuelles jeunes"},"content":{"rendered":"\n<h2 class=\"wp-block-heading\"><span style=\"color:#b61610\" class=\"has-inline-color\">A ce jour, toutes les comp\u00e9titions ont \u00e9t\u00e9 malheureusement report\u00e9es.<\/span><\/h2>\n","protected":false},"excerpt":{"rendered":"<p>A ce jour, toutes les comp\u00e9titions ont \u00e9t\u00e9 malheureusement report\u00e9es.<\/p>\n","protected":false},"author":1,"featured_media":0,"parent":0,"menu_order":0,"comment_status":"closed","ping_status":"closed","template":"","meta":{"footnotes":""},"class_list":["post-285","page","type-page","status-publish","hentry"],"_links":{"self":[{"href":"https:\/\/echecs-obernai.fr\/index.php?rest_route=\/wp\/v2\/pages\/285"}],"collection":[{"href":"https:\/\/echecs-obernai.fr\/index.php?rest_route=\/wp\/v2\/pages"}],"about":[{"href":"https:\/\/echecs-obernai.fr\/index.php?rest_route=\/wp\/v2\/types\/page"}],"author":[{"embeddable":true,"href":"https:\/\/echecs-obernai.fr\/index.php?rest_route=\/wp\/v2\/users\/1"}],"replies":[{"embeddable":true,"href":"https:\/\/echecs-obernai.fr\/index.php?rest_route=%2Fwp%2Fv2%2Fcomments&post=285"}],"version-history":[{"count":6,"href":"https:\/\/echecs-obernai.fr\/index.php?rest_route=\/wp\/v2\/pages\/285\/revisions"}],"predecessor-version":[{"id":513,"href":"https:\/\/echecs-obernai.fr\/index.php?rest_route=\/wp\/v2\/pages\/285\/revisions\/513"}],"wp:attachment":[{"href":"https:\/\/echecs-obernai.fr\/index.php?rest_route=%2Fwp%2Fv2%2Fmedia&parent=285"}],"curies":[{"name":"wp","href":"https:\/\/api.w.org\/{rel}","templated":true}]}}