{"id":123,"date":"2020-11-16T12:21:20","date_gmt":"2020-11-16T11:21:20","guid":{"rendered":"http:\/\/echecs-obernai.fr\/?page_id=123"},"modified":"2022-10-19T16:51:55","modified_gmt":"2022-10-19T14:51:55","slug":"horaires-inscriptions","status":"publish","type":"page","link":"https:\/\/echecs-obernai.fr\/?page_id=123","title":{"rendered":"Informations"},"content":{"rendered":"\n<h3 class=\"wp-block-heading\"><strong><em>Horaires<\/em><\/strong><\/h3>\n\n\n\n<p>Le Cercle est ouvert les vendredis et les samedis , hors vacances scolaires :<\/p>\n\n\n\n<div class=\"wp-block-group\"><div class=\"wp-block-group__inner-container is-layout-flow wp-block-group-is-layout-flow\"><\/div><\/div>\n\n\n\n<p><strong><em>Vendredi :<\/em><\/strong><\/p>\n\n\n\n<div class=\"wp-block-group\"><div class=\"wp-block-group__inner-container is-layout-flow wp-block-group-is-layout-flow\">\n<ul class=\"wp-block-list\"><li>17h30 &#8211; 18h30\u00a0 : cours jeunes d\u00e9butants.<\/li><li>17h45 &#8211; 19h15   : cours jeunes interm\u00e9diaires<\/li><li>18h35 &#8211; 20h00\u00a0: cours jeunes confirm\u00e9s.<\/li><li>19h00 &#8211; 20h20\u00a0: cours jeunes experts.<\/li><li>20h30-minuit  : \u00e9checs libres adultes.<\/li><\/ul>\n<\/div><\/div>\n\n\n\n<p><strong><em>Samedi : <\/em><\/strong><\/p>\n\n\n\n<div class=\"wp-block-group\"><div class=\"wp-block-group__inner-container is-layout-flow wp-block-group-is-layout-flow\">\n<ul class=\"wp-block-list\"><li>14h00-16h00&nbsp;: \u00e9checs libres.<\/li><\/ul>\n<\/div><\/div>\n\n\n\n<h3 class=\"wp-block-heading\"><strong><em> Inscriptions<\/em><\/strong><\/h3>\n\n\n\n<p>Le Cercle offre trois s\u00e9ances  d&rsquo;essai avant de s&rsquo;engager. La cotisation est de 110 \u20ac pour l&rsquo;ann\u00e9e scolaire. Elle comprend l\u2019ensemble des prestations propos\u00e9es par le Cercle : <\/p>\n\n\n\n<div class=\"wp-block-group\"><div class=\"wp-block-group__inner-container is-layout-flow wp-block-group-is-layout-flow\">\n<ul class=\"wp-block-list\"><li>La licence.<\/li><li>Les cours.<\/li><li>Les animations.<\/li><li>Les comp\u00e9titions par \u00e9quipe.<\/li><\/ul>\n\n\n\n<p><\/p>\n<\/div><\/div>\n\n\n\n<p>Le r\u00e8glement est \u00e0 effectuer au plus tard le 1<sup>er<\/sup> vendredi d\u2019octobre. Le ch\u00e8que est \u00e0 \u00e9tablir \u00e0 l\u2019ordre du Cercle d\u2019Echecs d\u2019Obernai et est \u00e0 remettre \u00e0 <strong>Mme C\u00e9cile Schlotter<\/strong>, Secr\u00e9taire du Cercle et Responsable des Jeunes .<\/p>\n","protected":false},"excerpt":{"rendered":"<p>Horaires Le Cercle est ouvert les vendredis et les samedis , hors vacances scolaires : Vendredi : 17h30 &#8211; 18h30\u00a0 : cours jeunes d\u00e9butants. 17h45 &#8211; 19h15 : cours jeunes interm\u00e9diaires 18h35 &#8211; 20h00\u00a0: cours jeunes confirm\u00e9s. 19h00 &#8211; 20h20\u00a0: &hellip; <a href=\"https:\/\/echecs-obernai.fr\/?page_id=123\">Continuer la lecture <span class=\"meta-nav\">&rarr;<\/span><\/a><\/p>\n","protected":false},"author":1,"featured_media":0,"parent":0,"menu_order":0,"comment_status":"closed","ping_status":"closed","template":"","meta":{"footnotes":""},"class_list":["post-123","page","type-page","status-publish","hentry"],"_links":{"self":[{"href":"https:\/\/echecs-obernai.fr\/index.php?rest_route=\/wp\/v2\/pages\/123"}],"collection":[{"href":"https:\/\/echecs-obernai.fr\/index.php?rest_route=\/wp\/v2\/pages"}],"about":[{"href":"https:\/\/echecs-obernai.fr\/index.php?rest_route=\/wp\/v2\/types\/page"}],"author":[{"embeddable":true,"href":"https:\/\/echecs-obernai.fr\/index.php?rest_route=\/wp\/v2\/users\/1"}],"replies":[{"embeddable":true,"href":"https:\/\/echecs-obernai.fr\/index.php?rest_route=%2Fwp%2Fv2%2Fcomments&post=123"}],"version-history":[{"count":24,"href":"https:\/\/echecs-obernai.fr\/index.php?rest_route=\/wp\/v2\/pages\/123\/revisions"}],"predecessor-version":[{"id":1200,"href":"https:\/\/echecs-obernai.fr\/index.php?rest_route=\/wp\/v2\/pages\/123\/revisions\/1200"}],"wp:attachment":[{"href":"https:\/\/echecs-obernai.fr\/index.php?rest_route=%2Fwp%2Fv2%2Fmedia&parent=123"}],"curies":[{"name":"wp","href":"https:\/\/api.w.org\/{rel}","templated":true}]}}